. Let v be (0 - (-2 - -5))/(2/s). Suppose 6*l - l = 495. What is the highest common factor of l and v?
9
Let s = 26 - 8. Suppose 2*d - 58 = s. Let p = d + 25. What is the greatest common factor of p and 7?
7
Suppose 17*y + 25 = 42. What is the greatest common divisor of y and 5?
1
Suppose -4*r = 2*l - 16, l + 1 = 5. Let t = r - -13. Let m = -9 + t. Calculate the highest common divisor of m and 3.
3
Let t(l) = -l**3 + 17*l**2 - 13*l + 60. Let y be t(16). Let v = 16 - 4. What is the highest common divisor of v and y?
12
Suppose 5*v = 5*q + 5, -v - 7 = -4*q + 4. Let b = 6 + -11. Let r = b - -9. Calculate the highest common factor of q and r.
4
Let z = 405 - 335. What is the greatest common divisor of 42 and z?
14
Let j = 129 + -57. Calculate the highest common divisor of 576 and j.
72
Let v = 20 + -8. Suppose -21*d + 18*d = 141. Let x = d - -83. Calculate the highest common factor of v and x.
12
Let y = 2104 - 2052. What is the highest common factor of 923 and y?
13
Let p be ((-15)/(-6))/((-3)/(-162)). Let t(q) = q**2 + 19*q + 45. Let d be t(-18). What is the greatest common divisor of p and d?
27
Let t = 135 - 65. Calculate the greatest common divisor of t and 42.
14
Let s(m) be the third derivative of 19*m**6/120 + m**5/60 - m**4/24 - 20*m**2 - 2*m. Let u be s(1). Calculate the greatest common factor of u and 38.
19
Let o(b) = b**2 + 4*b - 6. Let j be o(-6). Let u be 108/(-30)*10/(-4). Suppose -7*d - 108 = -u*d. What is the highest common divisor of j and d?
6
Let v be 2/4*-5*-2. Let f = -793 + 838. Calculate the highest common factor of v and f.
5
Let p = -59 + 75. Calculate the greatest common factor of p and 256.
16
Let f(s) = -s**2 + 10*s - 10. Let r(w) = -w**2 + 11*w - 10. Let g(l) = -7*f(l) + 6*r(l). Let a be g(5). What is the highest common factor of a and 195?
15
Suppose -21*y + 119852 = 14537. What is the highest common factor of y and 85?
85
Let u = 2619 - 1244. What is the highest common divisor of u and 250?
125
Suppose 4*f - 13 = d, 4*d - 8 - 3 = -5*f. Suppose 0*j = f*j - 18. What is the highest common factor of 18 and j?
6
Let q = 15 - 9. Suppose -q*w + 3*w = -39. Calculate the greatest common factor of 13 and w.
13
Let f be 80*((-84)/35 + 3). What is the greatest common divisor of f and 12?
12
Suppose -3*n + 4*t = 2*n + 65, 0 = -4*n + 3*t - 51. Let a be 128/n + (-20)/(-90). Let i be (33*2)/(a/(-7)). Calculate the greatest common divisor of 11 and i.
11
Let b = 76 - 40. Let x = 61 - b. What is the greatest common divisor of x and 10?
5
Suppose y - 57 = -11. Suppose 0*b - 2*t = 5*b - y, t = -4*b + 38. What is the greatest common factor of 70 and b?
10
Let y be (364/10)/(1/5). Let l be 9 - (-453)/(-51) - (-472)/34. What is the greatest common factor of y and l?
14
Suppose -66*f + 70*f = 32. Let d(r) = r**2 - 3*r - 18. Let o be d(f). What is the highest common factor of 198 and o?
22
Let w(x) = 3*x**2 - 3*x + 3. Let d be w(1). Suppose -5*s + b + 493 = 0, -d*s = -s + 5*b - 208. Calculate the highest common divisor of s and 33.
33
Suppose 0 = -24*i + 677 + 1243. Calculate the highest common factor of i and 200.
40
Let d = -536 - -701. Calculate the greatest common factor of 297 and d.
33
Let z be (3 + 50/(-20))/((-2)/(-36)). What is the greatest common factor of 63 and z?
9
Let b = 4 - -12. Let a = -10 + b. Calculate the highest common factor of a and 3.
3
Let l(f) = 14*f**2 + 21*f - 38. Let c be l(2). Calculate the greatest common divisor of c and 210.
30
Let x = 700 - 287. Calculate the highest common factor of x and 177.
59
Suppose -177 - 399 = -3*y. Suppose 5*f = -4*s + 21, 3*f = -5*s + 8*f - 30. Let q be (y/(-112))/(s/21). What is the highest common divisor of 12 and q?
12
Suppose -w - 47 = -4*n, 78*w - 82*w - 20 = -2*n. What is the greatest common divisor of n and 34?
2
Let p(q) = -q**3 - 4*q**2 - 3*q. Let s be p(-3). Suppose 9*y - 5*y - 40 = s. What is the highest common factor of y and 10?
10
Let g(t) = t**3 - 4*t**2 - 2*t - 9. Let y be g(7). Let v = -70 + y. Calculate the greatest common factor of 9 and v.
9
Suppose 1040 - 6140 = -17*l. What is the greatest common factor of l and 125?
25
Let a = -956 + 1077. Calculate the greatest common factor of 11 and a.
11
Suppose 2*i - 50 = 52. Let q = i + 54. Suppose 3*d + 0*f = f + 67, d + 3*f - 9 = 0. Calculate the highest common divisor of d and q.
21
Let k = 2140 - 2095. Calculate the highest common factor of 180 and k.
45
Suppose 2*g + 3*w - 112 = 0, -2*w - 21 = -g + 21. What is the greatest common factor of 350 and g?
50
Let s = -11 + 17. Let i = 1048 + -1039. Calculate the greatest common divisor of i and s.
3
Let b(h) be the second derivative of -7*h**3/6 + 5*h**2/2 - 34*h. Let n be b(-7). What is the greatest common divisor of 36 and n?
18
Suppose 4*d + c - 1232 = 0, -3*d = -3*c + 4*c - 924. What is the highest common divisor of d and 44?
44
Let j be (-17)/2 - (-3)/6. Let p be 10/2*j/(-10). Let c be 6/28*7*56/3. What is the greatest common divisor of c and p?
4
Suppose 0 = j + 4*t - 44, -j - 13 = 5*t - 56. Suppose -17*p = -w - 14*p + 207, 5*p = 5*w - 985. What is the greatest common divisor of w and j?
48
Suppose -4*z + 51 = 3*m - 60, m = -2*z + 57. Calculate the greatest common divisor of z and 40.
10
Let w(c) = -1453*c**3 - 5*c**2 - 10*c - 6. Let q be w(-1). Calculate the greatest common divisor of q and 12.
12
Suppose 0 = -2*g + 3*g - 45. Let u(o) = 1532*o - 2974. Let b be u(2). What is the greatest common factor of b and g?
45
Let q be (52/6)/(96/1296). Calculate the greatest common divisor of 9 and q.
9
Let f = -36 - -22. Let n be (-8)/f - 1414/(-98). What is the greatest common factor of n and 15?
15
Suppose -z + 0*z = -5*r + 28, 0 = 5*z + 15. Let i be ((-5)/(-4))/(9/36). Suppose i*d - 5 = 4*d. What is the highest common divisor of r and d?
5
Let y = -25 + 22. Let i be (-3*7/(-9) + y)*-126. What is the highest common divisor of i and 3?
3
Let r = -27 - -29. Suppose 32 = h + h - k, 2*h + r*k - 44 = 0. What is the highest common divisor of h and 162?
18
Let l be -2*(1 + (-14)/16)*-68. Calculate the highest common factor of l and 374.
17
Let q be ((-550)/(-6))/(2/6). Let m(d) be the first derivative of -3*d**2/2 - 2*d - 40. Let y be m(-9). What is the highest common factor of y and q?
25
Suppose -i = 72 - 246. Let k = i + -63. Calculate the greatest common factor of 74 and k.
37
Let w be (-28)/7 + (-8)/(-2) + -44. Let a = 212 + 26. Let q be a/8 - 11/w. What is the greatest common factor of 15 and q?
15
Let u be (7 + -9)*1/2. Let b be ((-5)/(-10))/(u/(-50)). Let s(t) = -t**3 - 3*t**2 - 2*t + 4. Let n be s(-3). Calculate the greatest common factor of n and b.
5
Let q = 626 + -561. What is the greatest common divisor of 15 and q?
5
Let d be (-2)/5*(-40 - 320). Calculate the greatest common factor of 48 and d.
48
Let k(o) = o**2 - 15*o + 29. Let i be k(12). Let m be i + 13 + -5*1. Calculate the greatest common factor of m and 13.
1
Let m = 83 - 27. Suppose -113*s + 233*s - 108*s - 504 = 0. Calculate the greatest common divisor of m and s.
14
Let f(n) be the second derivative of -n**4/12 + n**3/3 + 6*n**2 + n. Suppose 0 = -47*j + 15*j. Let g be f(j). Calculate the highest common divisor of 48 and g.
12
Let t(u) = -344*u. Let d be t(1). Let j = d - -564. Let v = -1839 - -1859. What is the greatest common divisor of v and j?
20
Let r(n) = 17*n**2 + 18*n - 53. Let o be r(3). What is the greatest common divisor of 14 and o?
14
Suppose -z - 3 = 1. Let r(m) = -m**3 - 4*m**2 - 4*m - 6. Let h be r(z). Let n = h + 2. What is the greatest common divisor of n and 84?
12
Suppose 7*o - 12*o + 577 = 3*u, 0 = 2*u + 4*o - 388. What is the highest common divisor of 69 and u?
23
Let w = 17 - -552. Let y = w + -393. Calculate the highest common factor of y and 22.
22
Let w = 48 - -18. Let n = w + -56. Let k = -110 - -170. What is the highest common divisor of n and k?
10
Let d(b) = 616*b**2 - 5*b - 1. Let h be d(1). What is the greatest common factor of 20 and h?
10
Let z(m) = -m**2 + 9*m + 4. Let g(r) = r**3 - 7*r**2 + 9. Let y be g(7). Let d be z(y). Suppose d*u = 2*u + 180. What is the highest common divisor of u and 15?
15
Suppose b - 16 = -0*b. Suppose 3*m - b = -m. What is the highest common factor of m and 16?
4
Suppose 7*d - 75 = 4*d. Suppose 0 = -r + 5. Suppose -3*j - 8 = 4*q - 26, r*j